{"id":443,"date":"2020-01-01T21:02:59","date_gmt":"2020-01-01T21:02:59","guid":{"rendered":"http:\/\/brustholmarna.se\/?page_id=443"},"modified":"2020-01-24T23:50:23","modified_gmt":"2020-01-24T23:50:23","slug":"goteborgs-motorbats-forening-new","status":"publish","type":"page","link":"https:\/\/brustholmarna.se\/","title":{"rendered":"V\u00e4lkommen till G\u00f6teborgs Motorb\u00e5t S\u00e4llskap (GMS)!"},"content":{"rendered":"\n<p>Centralt och n\u00e4ra i G\u00f6teborgs vackra s\u00f6dra sk\u00e4rg\u00e5rd, finns \u00f6-gruppen och fritidsb\u00e5tsparadiset Brustholmarna som drivs av G\u00f6teborgs Motorb\u00e5t S\u00e4llskap.<br>  <br>Anl\u00e4ggningen omfattar idag fasta bryggplatser med el, bastu, klubbstuga, boulebana, grill och toalett. Allt underh\u00e5ll och sk\u00f6tsel utf\u00f6rs av medlemmarna under gemensamma arbetsdagar under v\u00e5ren och h\u00f6sten.<br><br>S\u00e4songens h\u00f6jdpunkter \u00e4r invigningen och Midsommarfirande i juni,\u00a0 skaldjursfest i augusti samt en social aktivitet i december. <br><br>F\u00f6reningen f\u00f6rfogar \u00e4ven \u00f6ver tv\u00e5 kajaker och en liten plastb\u00e5t med  aktersnurra, som erbjuder enkla sm\u00e5 utflykter till n\u00e4rliggande \u00f6ar. \u00d6arna  erbjuder sj\u00e4lvklart \u00e4ven mycket goda bad- och sol-m\u00f6jligheter.   <br><\/p>\n\n\n\n<p><\/p>\n\n\n\n<p><\/p>\n","protected":false},"excerpt":{"rendered":"<p>Centralt och n\u00e4ra i G\u00f6teborgs vackra s\u00f6dra sk\u00e4rg\u00e5rd, finns \u00f6-gruppen och fritidsb\u00e5tsparadiset Brustholmarna som drivs av G\u00f6teborgs Motorb\u00e5t S\u00e4llskap. Anl\u00e4ggningen omfattar idag fasta bryggplatser med el, bastu, klubbstuga, boulebana, grill och toalett. Allt underh\u00e5ll och sk\u00f6tsel utf\u00f6rs av medlemmarna under &hellip; <a href=\"https:\/\/brustholmarna.se\/\">Continue reading <span class=\"meta-nav\">&rarr;<\/span><\/a><\/p>\n","protected":false},"author":1,"featured_media":0,"parent":0,"menu_order":0,"comment_status":"closed","ping_status":"closed","template":"sidebar-page.php","meta":{"ngg_post_thumbnail":0,"footnotes":""},"class_list":["post-443","page","type-page","status-publish","hentry"],"jetpack_sharing_enabled":true,"jetpack_likes_enabled":true,"_links":{"self":[{"href":"https:\/\/brustholmarna.se\/index.php?rest_route=\/wp\/v2\/pages\/443","targetHints":{"allow":["GET"]}}],"collection":[{"href":"https:\/\/brustholmarna.se\/index.php?rest_route=\/wp\/v2\/pages"}],"about":[{"href":"https:\/\/brustholmarna.se\/index.php?rest_route=\/wp\/v2\/types\/page"}],"author":[{"embeddable":true,"href":"https:\/\/brustholmarna.se\/index.php?rest_route=\/wp\/v2\/users\/1"}],"replies":[{"embeddable":true,"href":"https:\/\/brustholmarna.se\/index.php?rest_route=%2Fwp%2Fv2%2Fcomments&post=443"}],"version-history":[{"count":12,"href":"https:\/\/brustholmarna.se\/index.php?rest_route=\/wp\/v2\/pages\/443\/revisions"}],"predecessor-version":[{"id":2685,"href":"https:\/\/brustholmarna.se\/index.php?rest_route=\/wp\/v2\/pages\/443\/revisions\/2685"}],"wp:attachment":[{"href":"https:\/\/brustholmarna.se\/index.php?rest_route=%2Fwp%2Fv2%2Fmedia&parent=443"}],"curies":[{"name":"wp","href":"https:\/\/api.w.org\/{rel}","templated":true}]}}